 105698569 composite?
True
Is 9474461 a prime number?
True
Is 7427761 a composite number?
True
Is 45130147 a composite number?
False
Is 1067411 composite?
False
Is 46607861 a composite number?
True
Is 416666033 a prime number?
False
Is 1650659 composite?
False
Is 178778309 a composite number?
False
Is 3689461 a composite number?
False
Is 4194961 a prime number?
True
Is 77247433 a composite number?
False
Is 6818521 prime?
False
Is 19766863 composite?
True
Is 2340535 composite?
True
Is 34428253 prime?
False
Is 178338557 a prime number?
False
Is 11315243 a prime number?
False
Is 1389239 a composite number?
True
Is 168221453 composite?
False
Is 588011 prime?
True
Is 247237 a composite number?
True
Is 1024655 composite?
True
Is 40081141 prime?
True
Is 23315249 a prime number?
False
Is 244537 composite?
True
Is 1110167 a prime number?
True
Is 152984297 a prime number?
True
Is 1039603 prime?
True
Is 1252697 a composite number?
True
Is 390897935 a prime number?
False
Is 14745791 a composite number?
False
Is 14111287 a composite number?
True
Is 1268107 prime?
False
Is 27347351 a composite number?
True
Is 88032713 a composite number?
True
Is 4638791 composite?
False
Is 1528003 composite?
True
Is 870109 prime?
True
Is 1395263 composite?
False
Is 5856953 composite?
True
Is 356927 prime?
True
Is 14098949 prime?
False
Is 253591 composite?
True
Is 16489999 prime?
True
Is 23317639 a prime number?
False
Is 249801241 a composite number?
False
Is 10734127 prime?
True
Is 2279251 composite?
True
Is 28141979 a prime number?
True
Is 1028663 a composite number?
False
Is 35090459 a prime number?
True
Is 51408871 prime?
True
Is 1259747323 prime?
True
Is 9580289 composite?
True
Is 832187 a composite number?
True
Is 59929679 a composite number?
False
Is 12486107 composite?
False
Is 1247581 a composite number?
False
Is 4816403 composite?
True
Is 19338043 a composite number?
True
Is 1521853 composite?
False
Is 1652785 a composite number?
True
Is 2946319 prime?
True
Is 3955837 prime?
False
Is 7819297 a composite number?
False
Is 4411247 a composite number?
False
Is 98179079 composite?
False
Is 6411259 a composite number?
False
Is 75899069 prime?
True
Is 35768951 prime?
True
Is 3752403 prime?
False
Is 9186343 a composite number?
True
Is 3806903 prime?
True
Is 46901 a prime number?
True
Is 27726611 a prime number?
False
Is 29590163 prime?
False
Is 6913943 a prime number?
True
Is 141584207 prime?
False
Is 56055583 a composite number?
False
Is 6403907 composite?
False
Is 184729547 a prime number?
True
Is 394991 composite?
True
Is 339854609 prime?
True
Is 118511 a prime number?
False
Is 21637393 a composite number?
True
Is 72778885 composite?
True
Is 7133887 composite?
True
Is 5873497 a composite number?
True
Is 13478231 prime?
False
Is 6176815 a prime number?
False
Is 8580423 a composite number?
True
Is 1449547 a prime number?
False
Is 3702469 a composite number?
True
Is 2914267 a prime number?
True
Is 5269699 prime?
False
Is 259549 prime?
False
Is 7183301 a prime number?
True
Is 430487 prime?
True
Is 119208917 prime?
True
Is 103561 a prime number?
True
Is 7977587 a prime number?
False
Is 26442323 prime?
True
Is 9618397 a prime number?
False
Is 55501291 a composite number?
True
Is 8461507 a composite number?
False
Is 66330941 a prime number?
False
Is 23844547 a composite number?
True
Is 39467359 a prime number?
True
Is 13455917 prime?
True
Is 721397 a composite number?
False
Is 2719069 a composite number?
True
Is 17707747 prime?
True
Is 44460611 a prime number?
False
Is 3943781 a composite number?
True
Is 82384657 a prime number?
False
Is 9819209 a composite number?
True
Is 9948217 prime?
True
Is 12946811 composite?
False
Is 6123127 a prime number?
True
Is 15689209 prime?
True
Is 642483131 a prime number?
True
Is 10967387 a composite number?
False
Is 197895557 a prime number?
True
Is 1944394 composite?
True
Is 86136779 composite?
True
Is 10666823 a prime number?
True
Is 2249719 a composite number?
False
Is 148668563 a prime number?
False
Is 800374 prime?
False
Is 134117077 a prime number?
True
Is 176955963 a composite number?
True
Is 24716227 composite?
False
Is 846161 prime?
True
Is 2162122 a prime number?
False
Is 4153683 a prime number?
False
Is 24581449 prime?
False
Is 20530617 composite?
True
Is 3363914 prime?
False
Is 4920569 a composite number?
False
Is 286191973 a composite number?
False
Is 134537017 composite?
True
Is 175531061 a prime number?
False
Is 4494947 a composite number?
False
Is 2519123 prime?
False
Is 8291009 a composite number?
False
Is 8109163 composite?
False
Is 1011499733 a composite number?
False
Is 5844551 a prime number?
False
Is 49857427 prime?
True
Is 2300903 a prime number?
False
Is 17893949 a composite number?
False
Is 117186023 prime?
True
Is 65576347 composite?
False
Is 154899307 a prime number?
False
Is 31349147 a prime number?
False
Is 1543489 composite?
False
Is 564695 composite?
True
Is 4894231 a prime number?
True
Is 158549 a prime number?
False
Is 267071867 prime?
False
Is 69870653 a prime number?
True
Is 10599151 composite?
False
Is 32406229 a composite number?
True
Is 3241507 a prime number?
True
Is 49068111 a prime number?
False
Is 29552587 a composite number?
False
Is 1960213 composite?
False
Is 209687 a prime number?
True
Is 2634581 composite?
True
Is 25354051 a prime number?
True
Is 1450817045 a prime number?
False
Is 5587961 composite?
True
Is 2211883 composite?
False
Is 25631143 a composite number?
False
Is 218607817 composite?
True
Is 2742263 a composite number?
False
Is 8173597 a composite number?
False
Is 2724127 composite?
True
Is 3047 composite?
True
Is 1068481 composite?
False
Is 249004199 a composite number?
False
Is 3925789 composite?
True
Is 632363 composite?
False
Is 138735049 composite?
False
Is 260483 a prime number?
True
Is 6464243 prime?
False
Is 2906309 prime?
False
Is 42836173 composite?
False
Is 53083798 composite?
True
Is 109595129 prime?
False
Is 2919947 prime?
False
Is 12501394 prime?
False
Is 1894749 prime?
False
Is 6440641 a prime number?
True
Is 173484341 composite?
False
Is 23546147 a prime number?
False
Is 60969283 composite?
False
Is 811767003 a prime number?
False
Is 5454067 prime?
False
Is 65894813 a composite number?
False
Is 1369499 prime?
True
Is 732307 a prime number?
False
Is 27188078 prime?
False
Is 798561517 a prime number?
False
Is 177609779 prime?
False
Is 550903 a prime number?
True
Is 829621381 a prime number?
True
Is 4722971 a prime number?
False
Is 7131811 prime?
False
Is 5746039 composite?
True
Is 151871 a prime number?
True
Is 12697651 composite?
False
Is 29422979 composite?
True
Is 3426589 a composite number?
True
Is 2103289 a composite number?
True
Is 62168471 composite?
True
Is 219119281 a prime number?
False
Is 5236649 prime?
False
Is 54892883 composite?
False
Is 140184349 a prime number?
True
Is 4984013 prime?
True
Is 31258237 a composite number?
False
Is 250524047 a prime number?
False
Is 120793343 a prime number?
False
Is 8091847 prime?
False
Is 4280669 a prime number?
False
Is 20629019 a prime number?
True
Is 10723981 prime?
True
Is 88129609 composite?
False
Is 130712345 a prime number?
False
Is 2273603 composite?
False
Is 17056247 composite?
True
Is 63822193 prime?
False
Is 2414135 a composite number?
True
Is 77974037 prime?
True
Is 31978853 a composite number?
True
Is 8868043 a composite number?
True
Is 2899459 prime?
True
Is 5764721 prime?
True
Is 817637 prime?
True
Is 6296062 prime?
False
Is 13484437 prime?
True
Is 348754387 prime?
True
Is 23464367 a prime number?
True
Is 192353171 composite?
True
Is 3397541 composite?
True
Is 290808761 a prime number?
False
Is 13960054 prime?
False
Is 164607 composite?
True
Is 29090489 prime?
False
Is 9985739 prime?
True
Is 3224503 prime?
False
Is 7472347 a composite number?
True
Is 17335093 composite?
False
Is 19524101 prime?
True
Is 209347 prime?
True
Is 13160474 prime?
False
Is 4408499 a composite number?
False
Is 381061 a composite number?
False
Is 15994415 prime?
False
Is 1423039 a prime number?
True
Is 160372709 prime?
False
Is 10667771 prime?
True
Is 28264561 prime?
False
Is 18076043 a prime number?
True
Is 9034409 a prime number?
True
Is 7993 composite?
False
Is 35058799 prime?
False
Is 2857357 a composite number?
False
Is 1446578